 t(q) = -q**2 + 7*q + 8. Let u be t(8). Calculate the remainder when 128 is divided by 0 - (u/(-3) + -33).
29
Suppose -4*v - 12 = 4*n + 56, -3*v = -4*n + 23. Let c(d) = d**2 + 13*d + 9. What is the remainder when 13 is divided by c(v)?
4
What is the remainder when (-14)/4*(1768/91)/(-2) is divided by (-7 + 0)/(-3 - -2)?
6
Let l = -31 + 63. Suppose 1084 = 172*q + 440 - 560. Calculate the remainder when l is divided by q.
4
Let l(v) = v**2 + 3*v + 4. Let n be l(-4). Suppose -22 = 2*m + n. Let p = m + 21. Calculate the remainder when 29 is divided by p.
5
Suppose -x = -k - 41, 0*x + 5*k = 3*x - 115. Suppose -x = -2*b - 19. Calculate the remainder when b is divided by 4.
1
Suppose 0 = -18*p + 13*p + 90. What is the remainder when 28 is divided by p?
10
Let r = 1811 - 1797. Calculate the remainder when 233 is divided by r.
9
Suppose -5*p - 48 = -11*p. Suppose -5*x + 30 + 90 = 5*s, 2*x - s - 63 = 0. What is the remainder when (4/(-2) + 3)*x is divided by p?
5
What is the remainder when 490 is divided by 57*(5/6)/(175/140)?
34
Suppose 2*h - 13 = 19. Let i = 26 - h. What is the remainder when 76/i - 9/15 is divided by 4?
3
What is the remainder when -7*(-6 - (3 - 1)*20) is divided by 54?
52
Let i(x) = -x**2 + 5*x + 8. Let o be i(8). Let t(w) = w**3 + 15*w**2 - 26*w + 21. What is the remainder when t(o) is divided by 46?
43
Suppose -17*t + 21*t - 3*q = 52, 3*t + 5*q = 39. What is the remainder when 75 is divided by t?
10
Let a = 120 + -79. Let h = a + -36. Suppose q = -h*o + 12, -3*o + 0*o = 3. What is the remainder when 49 is divided by q?
15
Suppose f + 358 = -11*u + 7*u, -5*f - 366 = 4*u. Let n = -6 - u. What is the remainder when n is divided by 42?
41
Let k(c) = 5 + 1 + 7*c - 6*c**2 + 8*c**2. Let a be k(-8). Let o = a - 48. Calculate the remainder when 118 is divided by o.
28
Let i be 1 - -2*(-1)/(-2). Let t(f) = 2*f**2 - 9*f + 9. Calculate the remainder when 20/((0 + i)/4) is divided by t(5).
12
Suppose -594*a + 590*a + 424 = 0. What is the remainder when a is divided by 5?
1
Let i(k) = -k**3 + 8*k**2 - 22*k + 72. Calculate the remainder when 167 is divided by i(6).
11
Suppose 2*j = 3*j - 4. Suppose j*h = -1 - 3. What is the remainder when 47 is divided by -2 + 2 + h + 13?
11
Let m be (1 - 3)*1/2. Calculate the remainder when 50 + m/(-2 + 3) is divided by 25.
24
Suppose -3*n + 112 = 3*i + 16, 0 = 2*i + 5*n - 70. What is the remainder when 77 is divided by i?
17
Let k be 0/(-2) - (-1 + (-4 - -4)). Let j = k + 28. Calculate the remainder when j is divided by 8.
5
Suppose 0 = 4*y - 2*j - 26, 0 = -4*j + 12 - 16. Suppose 4*o + 0*o = 8. Suppose 21 = -o*s + 55. Calculate the remainder when s is divided by y.
5
Let v = 49 + 61. What is the remainder when v is divided by 37?
36
Let h = 230 + -168. Calculate the remainder when h is divided by 9.
8
Let g(v) = -v - 7 - 5*v**2 - 5*v**2 + 11*v**2 - v. Suppose 1 - 9 = -2*c + 2*o, -c = 4*o - 9. What is the remainder when 15 is divided by g(c)?
7
Let g = -19 + 17. What is the remainder when 384/30 + (-5)/(-25) is divided by (-40)/8*(1 + g)?
3
Let q(v) be the first derivative of v**3/3 - 3*v**2/2 + 4*v - 3. What is the remainder when 23/4 - 1/(-4) is divided by q(3)?
2
Let l(i) be the second derivative of i**4/12 - i**3/6 - 3*i**2/2 + 11*i. What is the remainder when 30 is divided by l(-4)?
13
What is the remainder when ((-26)/4)/(3/(-12))*2 is divided by 27?
25
Let y = -29 + 49. Suppose 0 = 2*a - 2*v - 14, -16*a + 20*a = -3*v + 28. Calculate the remainder when y is divided by a.
6
Let b = -2 - -6. Suppose x - 3 + 1 = -2*s, 4*s = -b. Calculate the remainder when 19 is divided by x.
3
Let x(u) = -7*u - 9. Let r be x(-6). Let b(l) = 2*l**2 - l + 2. Let f be b(1). Suppose 0*q + f*q = r. What is the remainder when 43 is divided by q?
10
Let r(k) = -k**3 - 15*k**2 + 13*k - 31. Let u be r(-17). Suppose 2*f - 4*h - u = 0, 3*f - h - 4 - 460 = 0. Calculate the remainder when f is divided by 13.
10
Let r(i) = 3*i - 4. What is the remainder when 262 is divided by r(4)?
6
Suppose 3*s + 654 = 5*l, -581 = -5*l - 5*s + 49. Calculate the remainder when l is divided by 65.
64
Let u = 116 + -111. Calculate the remainder when 11*18/u + (-2)/(-5) is divided by 7.
5
Let a = 423 - 359. Calculate the remainder when a is divided by (15/6 + -1)*12.
10
Let m = -29 + 33. Calculate the remainder when m/14 + (-2440)/(-35) is divided by 37.
33
Let r = 406 - 395. Calculate the remainder when 116 is divided by r.
6
Let b = 50 + -35. Let x = 26 - 16. Calculate the remainder when (-1258)/(-22) + x/(-55) is divided by b.
12
Let m(x) be the second derivative of x**4/12 + 5*x**3/6 - 9*x**2/2 - 26*x. Calculate the remainder when 159 is divided by m(-9).
24
Suppose 0 = 12*f - 29*f + 17. What is the remainder when 19 is divided by f?
0
Suppose -5*k = 3*t - 46 - 50, 120 = 3*t - 3*k. What is the remainder when 222 is divided by t?
0
Let p be (-33)/(-6) + (-2)/4. Suppose p*s - 4*i = 3*s + 78, 5*s = -2*i + 231. Calculate the remainder when s is divided by 16.
13
Suppose 0 = 5*w + 26 + 149. Let t be 2/14 + (-135)/w. Suppose t = 4*l + 5*i - 25, 0 = -4*l + 5*i - 21. What is the remainder when 2 is divided by l?
0
Let v be (-12)/14*14/(-3). What is the remainder when v/26 - -661*(-4)/(-52) is divided by 13?
12
Let x = 5202 + -5186. Suppose 2*r + 12 = -4*i + 108, -r + 51 = 5*i. Calculate the remainder when r is divided by x.
14
Let l = 5 - 0. Suppose l*x = 42 - 12. What is the remainder when x/12*22*5 is divided by 14?
13
Suppose 10*t + d - 418 = 7*t, 2*d + 424 = 3*t. What is the remainder when t is divided by 12?
8
Suppose 4*w = -w - 5*p + 195, -3*w + 113 = 2*p. Let c(i) = i**2 + 2*i - 9. Let x be c(6). Let b = -30 + x. What is the remainder when w is divided by b?
8
Let p = -32 - -134. Suppose -3*j - 9 = 0, -5*j = 2*l + l - p. What is the remainder when l is divided by 8?
7
Suppose -4*i = 3*w - 465, -17*w + 13*w = -12. What is the remainder when 348 is divided by i?
6
Suppose 0*c - 2*c + 4 = 0. Suppose 3*m + 4*d = -d - 3, c*m = 5*d + 23. Suppose -2*y + 6*y - m = 0. What is the remainder when y is divided by 1?
0
Let l = -1330 + 1794. What is the remainder when l is divided by 39?
35
Suppose 0 = -4*p + 3*p + 74. Let l = p - 61. What is the remainder when l is divided by (-3 + 1)/(-4)*8?
1
Let k(q) = -2*q**2 - 22*q - 15. Let z be k(-10). Suppose z*n + 2*h + 51 = 559, 2*n - 203 = -h. Calculate the remainder when n is divided by 35.
32
Suppose -72 = -56*g + 48*g. What is the remainder when 71 is divided by g?
8
Suppose -4*l = -2*l - 8. Suppose 15 = 3*z, 5*x + z - 34 + l = 0. Suppose -u + 6 = -x. What is the remainder when 63 is divided by u?
8
Let n(q) = q**3 - 11*q**2 + 2*q - 27. Let p be n(11). Calculate the remainder when p + 1 - (-22 + -44) is divided by (96/(-9))/(4/(-6)).
14
What is the remainder when 71 is divided by 20/100 + (-116)/(-20)?
5
Let o = 24 - 26. Let m be (15/30)/(o/(-8)). Suppose 4*u = m*g + 84, 4*u + 14 = 3*g + 102. What is the remainder when 36 is divided by u?
17
Suppose -3*k + 2*k = -57. Suppose -2 = -12*z + 34. Suppose 6*c = z*c + 90. What is the remainder when k is divided by c?
27
Suppose 2 - 12 = -2*l + 4*v, -5*l = -2*v - 1. What is the remainder when 4 - (l - (-3 - -34)) is divided by 13?
10
Let l(u) = u**2 - 12*u + 15. Let w be l(11). Suppose w*y = -b + 5*b - 228, b + 3*y - 53 = 0. What is the remainder when b is divided by 30?
26
Suppose 0 = u + 3*c - 2, 5*u + 4*c = 3 + 7. Suppose u*y + 9 = 115. Calculate the remainder when y is divided by 14.
11
Suppose -4*z = -r - 0*r + 145, z = -2*r + 299. Suppose 0 = 2*v - 3*n - 106, -263 = -4*v + 5*n - 53. Calculate the remainder when r is divided by v.
49
What is the remainder when 4*((-126)/(-12))/((-1)/(-2)) is divided by 7?
0
Suppose -3*o + 354 = -a, o - 3*o + 241 = a. Suppose -34 = -c - 3*j + 5*j, -3*c + 86 = 2*j. What is the remainder when o is divided by c?
29
Let l = 6 + -2. Let y = 78 + -76. Suppose 0 = -4*s - 4*v + 40, 7*s = y*s - 4*v + 55. What is the remainder when s is divided by l?
3
Let i = 8 - 8. Suppose -j - 5*w + 9 = i, j - 2*w = 6*j - 45. Calculate the remainder when 32 is divided by j.
5
Suppose -5*a + 3*w - 27 = w, -3*w = -3. Let g(u) = -9*u - 2. What is the remainder when g(a) is divided by (2/(-3))/((-32)/720)?
13
Let v(m) = 5*m**2 - 34*m + 117. Let b be (-30)/(-4)*4/